). Suppose 0 = -2*d + 3*d - 4*v - h, 0 = 2*v - 8. Calculate the remainder when d is divided by 5.
3
Suppose 398 = 5*l - 77. Suppose -6*x + 205 = 55. Calculate the remainder when l is divided by x.
20
Let z(j) = j**3 + 23*j**2 + 26*j - 57. Let m be z(-22). Let l = -123 - m. Calculate the remainder when 152 is divided by l.
20
Suppose 5*l - 19 = -4*g + 13, -3*l = -12. Calculate the remainder when 4681 is divided by g.
1
Let x be ((-142)/213)/((-2)/12). Suppose -5*z = 2*d - 54, 0*d - 8 = -4*d. What is the remainder when x/(-34) + (-45820)/(-1343) is divided by z?
4
Let v = 340 - 229. Let g = -19514 - -19571. Calculate the remainder when v is divided by g.
54
Suppose 5*m - 2*i + 5*i = 839, -m + 4*i + 177 = 0. Suppose m*n - 165*n - 144 = 0. Calculate the remainder when 105 is divided by n.
33
Suppose 14*x - 11*x = -27*x. Suppose x = 4*i - 29 - 27. Calculate the remainder when 207 is divided by i.
11
Let y(u) = 13 - 2*u**2 - 12*u - u + 18*u**2 - u**3 + 6. Suppose -2*v + j = -190, 8*j - 7*j + 2 = 0. Calculate the remainder when v is divided by y(15).
45
Suppose o - 540 = -489. What is the remainder when 196 is divided by o?
43
Suppose 69*o + 900 = 84*o. Calculate the remainder when 131 is divided by -27*((-9)/6 + (-10)/o).
41
Let s(j) = 2*j**3 + j**2 - 12*j + 3. Let n be s(3). Suppose n = 26*p - 11*p. Calculate the remainder when ((-16)/10)/(3/(-15)) is divided by p.
0
Let m = -37 - -62. Let u = 59 - -38. Suppose u = 2*j - j. What is the remainder when j is divided by m?
22
Let c(i) = i**2 - 38*i + 135. Let f be c(4). Calculate the remainder when 105 is divided by (-1180)/(-20) + f/(-1).
45
Calculate the remainder when (382 - 17) + 18/2 is divided by 27.
23
Let b = 37976 + -37934. Suppose 5*l - x = -33, 2*x + 30 = -4*l + 4*x. What is the remainder when b is divided by 44/l*(-6)/4?
9
Let w be 11184/(-180) - 2/(-15). Let z be w/(-14) - (-12)/(-28). Suppose -215 = -j - z*j. What is the remainder when j is divided by 22?
21
Let x(n) = -3*n**3 - 209*n**2 + 37*n - 72. What is the remainder when x(-70) is divided by 132?
126
What is the remainder when 1065 is divided by 10/(-5) + 41 - (-684)/(-57)?
12
Let p(o) = -o**3 - 3*o**2 - 7*o - 6. Suppose g - 61 = -64. What is the remainder when 56 is divided by p(g)?
11
Suppose -833 = -59*o + 111. What is the remainder when 67 is divided by o?
3
Let r = -35 + 89. Let u be (-42)/(-18) - (-3 - (-30)/9). Suppose 5 = d - 3*h, -d - u*d + 35 = -4*h. Calculate the remainder when r is divided by d.
3
What is the remainder when 954 is divided by (-596)/(-13) - (-366)/2379?
34
Suppose -3*f = 5*k + 122 - 717, 4*f = k - 96. Calculate the remainder when k is divided by 24.
20
What is the remainder when (-32)/(-6)*(9 + 696/16) is divided by 11?
5
Let u(a) = 2*a**2 - 27*a + 16. Let x be u(13). Suppose -5*d = -5*g - 60, -2*g - x*g = d. What is the remainder when d is divided by 2/(-1) + 4 + 4?
4
Suppose -2*v + 36 = 2*v. Let m = v - 2. Let d = -84660 - -84675. Calculate the remainder when d is divided by m.
1
Suppose j - l - 65 = -2*j, j - 31 = -2*l. Suppose 3*f - 58 - j = 0. Suppose -69*t + 6 = -68*t. Calculate the remainder when f is divided by t.
3
What is the remainder when 987 is divided by (246*48/(-216))/(2/12*-1)?
3
Suppose 6*d = d + 2*s + 19, s = -5*d + 13. Let w be d + 20 + -2 + -2. Suppose 0 = -3*z + 50 + w. Calculate the remainder when 61 is divided by z.
15
Let a = -15 - -35. Suppose 0 = 193*j - 189*j + 1880. Let k = 527 + j. What is the remainder when k is divided by a?
17
Let c = -28 - -34. Let u(v) = v**3 - 6*v**2 - 3*v + 12. Let b be u(c). What is the remainder when (-77)/22*(-2 + b + 2) is divided by 4?
1
Suppose 3*l - 4*l + 59 = -7. What is the remainder when 93 is divided by l?
27
Suppose -14 - 6 = -5*c. Suppose -180*g + 174*g = -66. Suppose -a = -g*a + 270. Calculate the remainder when a is divided by c.
3
Suppose 0 = -3*q - 9, -525*j - 1942 = -526*j - 4*q. What is the remainder when j is divided by 103?
100
Suppose -2*d - 84*u = -81*u - 700, -8*d + 2852 = -u. What is the remainder when d is divided by 79?
40
Let p be 5*1/(-4 - -5). Suppose 0 = -p*z - 2*w + 198, -2*w + 158 = -2*z + 6*z. Let o = -29 + z. What is the remainder when 50 is divided by o?
6
Let s = 14266 - 14234. Suppose 2*a + 0*a = -5*v + 955, 393 = 2*v + 3*a. What is the remainder when v is divided by s?
29
Let l be (-6)/4*(-70)/21. Suppose -3*f + 560 = l*f. What is the remainder when f is divided by 4?
2
Let r(m) = -2*m**2 - 91*m - 408. What is the remainder when 996 is divided by r(-6)?
6
Suppose 1001 = 449*b - 438*b. Calculate the remainder when 1000 is divided by b.
90
Let k = -10 + 19. Suppose -3*g - 2*g - 4*f = -91, f = 2*g - 26. What is the remainder when k is divided by 9/(-27) + 50/g?
0
Let z(y) = -112*y + 740. Let s(t) = -t**2 + 18*t - 19. What is the remainder when z(5) is divided by s(10)?
58
Let r = -33595 + 33646. Calculate the remainder when 1425 is divided by r.
48
Suppose -640 = -5*u + 3*u - 4*a, 2*u = 5*a + 631. Let z = 565477 - 565469. Calculate the remainder when u is divided by z.
6
Suppose -a = 3*s + 2*a - 12, -3*s = a - 12. Let r(v) = -v**3 + 6*v**2 - 5*v + 6. Calculate the remainder when (-279)/186 + 69/2 is divided by r(s).
15
Let d(m) = 224*m**2 + 2*m. Let y be d(-1). Suppose -y*s + 560 = -214*s. What is the remainder when s is divided by 8?
6
Suppose -51*r = -43*r + 1672. Let a = 286 + r. What is the remainder when a is divided by 8?
5
Let x = -1051 + 1393. What is the remainder when x is divided by 133?
76
Suppose 560 + 80 = 10*b. Calculate the remainder when 125 is divided by b.
61
Suppose -3*q + 37 = 6*x - 11*x, 3 = 3*x. What is the remainder when (-7)/q*-258*1 is divided by 33?
30
Let b(s) = 4*s**2 + 408*s - 1162. Calculate the remainder when 6755 is divided by b(-105).
91
Suppose 36*a + 5*a - 369 = 0. Let p = -26 + 38. Calculate the remainder when ((-165)/(-20))/(a/p) is divided by 5.
1
Suppose 19*g - 1781 = 5167 + 386. Calculate the remainder when g is divided by 384.
2
Let b = -118 - -113. Calculate the remainder when (-4)/b*(-8 - -233) is divided by 62.
56
Let d = 1159 + -991. Calculate the remainder when d is divided by 24.
0
Let h(c) = 6*c**2 + 21*c - 79. What is the remainder when h(8) is divided by 66?
11
Let w = -7811 + 7960. Calculate the remainder when 2233 is divided by w.
147
Suppose -3*u - 95*u + 557432 = 20*u. Calculate the remainder when u is divided by 27.
26
Let b(m) = 5*m - 5. Let s(z) = -4*z + 5. Let q(u) = -4*b(u) - 3*s(u). Let c be q(-5). Calculate the remainder when 110 is divided by (-2)/(-3) + -3*(-410)/c.
26
Suppose 5*l = a - 18 - 4, 0 = 4*a + l - 4. Suppose -91 = -c + 2*i - i, -c + 82 = a*i. Suppose 20 = 12*k - c. What is the remainder when 42 is divided by k?
6
Let z(o) = 16*o + 5. Let r(s) = 115*s + 5426. What is the remainder when z(4) is divided by r(-47)?
6
Let h(i) = -i**2 - 10*i + 78. Let t be h(-15). Suppose -4*r = t*g - 45, 44 - 17 = 2*r + 3*g. What is the remainder when r is divided by 6?
3
Suppose 0*a + 1465 = 5*a. Suppose -2096*p - 590 = -2106*p. Calculate the remainder when a is divided by p.
57
Suppose -x - 1179 = 15*x - 25*x. What is the remainder when 535 is divided by x?
11
Let z(o) = 3*o**2 - 18*o + 27. Let b(a) = a**3 - 14*a**2 + 26*a - 18. Let m be b(12). Suppose -y + 156 = y. Calculate the remainder when y is divided by z(m).
24
Let n(o) = 3*o + 4*o - 31*o + 14 - 39. Let d be n(-10). Let z = d + -132. What is the remainder when z is divided by 21?
20
Suppose b + 68 = 3*b. Suppose y + 5 = m, -4*m + m = 2*y + 5. Calculate the remainder when b is divided by 16 + 0 + 1 + m.
16
Let a = -1691 - -1904. Calculate the remainder when 3191 is divided by a.
209
Let q(c) = -c + 5. Let n be q(-1). Let s be (-27)/(3 - n)*4/6. Suppose 3*r = s, -96 = -0*w - w + 3*r. Calculate the remainder when w is divided by 26.
24
Calculate the remainder when 3 + (-30580)/(-50) - (6/15)/(-1) is divided by 143.
43
Let r be -1 + (5 - (7 - -1)). Let b be ((-4)/(-10))/(1/10). Calculate the remainder when 31 is divided by b*(r - -3) - -15.
9
Let f be (40/(-6))/((-45)/135). Suppose -108 - 6512 = -f*m. What is the remainder when m is divided by 14?
9
Suppose -12*f + 3*b = -7*f + 2, 3*f = b + 2. Suppose -f*u - 200 = -4*o, -4*o + 5*u = -90 - 104. Let y(g) = 9*g. What is the remainder when o is divided by y